. Calculate d(1).
3
Let g(h) be the second derivative of 0 - 3/2*h**2 + 10*h + 1/20*h**5 + 1/2*h**3 + 1/3*h**4. Determine g(-4).
-15
Let a(u) = -3*u**2 - 24*u - 16. Let n be a(-7). Let i(w) = -w**2 + 7*w - 3. Determine i(n).
7
Let q(h) be the second derivative of h**3/3 - 5*h**2 + 797*h. Calculate q(10).
10
Let a(n) be the first derivative of 2*n - 1/3*n**3 - 2*n**2 + 2. Suppose 36*c = -4*c - 240. Determine a(c).
-10
Let b(k) be the first derivative of k**4/12 + 2*k**3/3 - 9*k**2/2 + 20. Let d(i) be the second derivative of b(i). Determine d(-5).
-6
Let v(o) = -6*o - 3. Let q = 1309 - 1311. Calculate v(q).
9
Let r(k) = 19*k**2 - k - 1. Let z be 3/(-5) + (-176)/40 - -4. Calculate r(z).
19
Let g(f) = -2*f**2 + 2*f**2 + f + 2*f**2. Suppose -5*b + 2 = 5*i - 3, 16 = -5*b + 2*i. Calculate g(b).
6
Suppose 2 = f + 5*b - 1, 0 = -3*f + 5*b + 9. Let m(a) = -41*a**2 + 72*a + 54. Let u(w) = 4*w**2 - 7*w - 5. Let l(z) = 2*m(z) + 21*u(z). What is l(f)?
12
Suppose 0*i + 3*i + 4*v - 28 = 0, 0 = -5*v - 10. Let b be ((-19)/(-57))/((-1)/i). Let a(d) = -d**2 - 3*d + 5. Give a(b).
1
Let z(n) = n - 1. Let u(m) = 4*m. Suppose 2*r = -3*j + 4*r - 3, -5*j - 4 = -3*r. Let t(o) = j*u(o) - z(o). Let a be -2 - 2 - (12 - 11). What is t(a)?
-14
Let i = 3 - 2. Let k(f) be the third derivative of f**7/5040 - f**5/30 - 3*f**2. Let c(d) be the third derivative of k(d). What is c(i)?
1
Let c(b) = -2*b. Suppose 3*f + 87 = 3*q, -f - 4*q - 49 = -q. Let j be (-8)/(-68) - (-276)/f. Give c(j).
16
Let v(h) be the second derivative of -h**5/20 - h**4/12 + h**3/6 + 11*h**2 - 139*h. What is v(0)?
22
Let d(l) = -2*l - 7. Let c be d(-7). Let o(u) = 3 - 2 + 2415*u - u**2 - 2405*u - 7. Give o(c).
15
Let q(n) = -n - 2. Let i(x) = -x**3 - 28*x**2 - x - 31. Let r be i(-28). Calculate q(r).
1
Let d(p) be the second derivative of p**3/3 - 5*p**2/2 + 7*p. Let o(t) = -t + 2. Let n(q) = -6*d(q) - 11*o(q). Determine n(4).
4
Let h(j) = -j**3 + 4*j**2 - 2*j + 3. Suppose 16*t - 8 - 56 = 0. Determine h(t).
-5
Let j(s) = -2*s**3 + 7*s**2 + 7*s - 6. Let a(v) = -v**2 + 49*v + 594. Let g be a(-10). What is j(g)?
6
Suppose 2*b - 23 = 5*m, -m = b - 2*m - 10. Suppose 0*f + 3*f = b. Let q(v) = v**3 + 0*v**2 - f*v**2 + 1 - 5*v - v**2. Give q(5).
1
Let q be 5/(-2)*36/(-45). Suppose 7*v = q*v - 20. Let w be 15/9 - v/(-6). Let k(t) = 5*t**2 + t - 1. Give k(w).
5
Let i(y) = -7*y**3 + 11*y**2 - 4 - 7*y**2 - 5*y**2 + 8*y**3 - 4*y + 6. Calculate i(3).
8
Let x(t) = -t**3 + 4*t**2 - 7*t + 4. Let k be x(2). Let s(o) = 5*o. Let c(l) = 2*l. Let v(g) = 17*c(g) - 6*s(g). What is v(k)?
-8
Let g = 17 + -33. Let b(w) = w**3 + 15*w**2 - 17*w - 19. Give b(g).
-3
Suppose -2*k = -5*a + 2, -2*a = -k - 4*a + 8. Let c be -1 - -1 - -4*2/k. Let o(g) = -14*g**2 + 2. Let t(j) = -j**2. Let b(s) = -o(s) + 12*t(s). Determine b(c).
6
Let o(c) = c**2 + 6*c - 7. Let q be (273/(-65))/((-22)/10 + 2). Suppose -5*s - q = -s - 3*a, 4*s = 5*a - 19. What is o(s)?
-7
Let y be 28/(-10)*10/(-4). Let u(d) be the second derivative of -2*d**2 + 1/6*d**3 - d + 0. Determine u(y).
3
Let p be ((-2)/(4/(-2)))/1. Let f(v) be the first derivative of 25*v**2/2 + v + 124. What is f(p)?
26
Let f(y) = -32355*y - 2*y**2 + 1 + 32355*y. Determine f(1).
-1
Let a(o) = -6*o**3 - 6*o**2 - 16. Let c = -18 + 23. Let n(r) = -r**3 - r**2 + 1. Let d(f) = c*n(f) - a(f). Calculate d(0).
21
Let s(b) = -b**3 + 14*b**2 + 15*b - 10. Let v be s(15). Let i be ((-8)/v)/((-2)/(-15)). Let u(r) = 2 + i*r**3 - 7*r**3 + 8*r - 5*r - 2*r**2. What is u(-3)?
2
Let t be 10/(-6)*(-10 + 7). Suppose -t*k - 14 = -29. Let m(c) = 0*c**2 - 2 + 4*c - c**2 + 0*c**2. Calculate m(k).
1
Let r(h) be the first derivative of h**3/3 + h**2/2 + 4*h - 1. Let y be 5/((-90)/12) + (-23)/(-3). Suppose -2*d = y*d. What is r(d)?
4
Let i(p) be the first derivative of -p**4/4 + p**3/3 + p**2/2 - 1. Let z = -2527 - -2526. Calculate i(z).
1
Let q(r) = 19*r + 4. Let j be 162/(-108)*8/(-6). Calculate q(j).
42
Let f(i) = 2*i - 4. Let c(d) = d - 1. Let j(x) = -3*c(x) + f(x). Let w be (-8 - -10) + (-2 - -1). Let q = -2 - w. Calculate j(q).
2
Suppose 0 = 5*i - 3*y - 3, 5*i + 0 = 4*y - 1. Let z(o) = -7*o**2 + 5 + o**i - 5*o**3 - 5*o + 3*o**3. Suppose 0 = 2*p - 4*j + 4, 5*j + 28 = -3*p. Determine z(p).
-1
Let h(y) = -5*y**3 + 4*y**2 + 2*y - 3. Let x = -87 + 91. Let d(m) = 11*m**3 - 8*m**2 - 5*m + 6. Let u(z) = x*d(z) + 9*h(z). Give u(3).
0
Suppose 0*z + 3*z - 4*r - 92 = 0, -4*z + 71 = 5*r. Suppose -5*h - 4*x - 24 = z, -2 = x. Let v(o) = -2*o - 8. Determine v(h).
8
Let b be (-5*2)/(4 + -6). Let n be 13/b - 15/25. Suppose -n*p + 7*p = 25. Let k(c) = -c**3 + 5*c**2 + c. Determine k(p).
5
Let j(u) = -3*u**2 - 4 - 6280*u + 3141*u - u**3 + 3136*u. Calculate j(-3).
5
Suppose 4*b - 5 = u, 4*u - 14 = -b - 0*u. Let q(x) be the first derivative of -1/3*x**3 + 11 + x**2 + 2*x. Calculate q(b).
2
Let k(q) = q**3 - 6*q**2 - 5*q - 4. Let s be k(7). Let m be 1/(s/3 - 3). Let x(u) = -2*u**2 - 6 + 6*u + m*u**2 + 2. What is x(-6)?
-4
Let m be 10 + -6 + (-4)/2. Suppose -2*a = d - 39, -m*a + 16 = -d - 17. Suppose 2*s - 14 = 5*n, 0*s + 3*n + a = -2*s. Let y(q) = -q + 4. Calculate y(s).
7
Let j(m) = 18*m - 38*m + 3 + 15*m. What is j(3)?
-12
Let c(r) = -r**3 + 7*r**2 - 2*r + 3. Suppose 6*h = 4*h + 4. Suppose 2*i + 36 = 4*a + 6*i, 4*a - h*i - 24 = 0. Determine c(a).
-11
Let v(x) = 198*x**2 + 19 - 6 + 25 - 7 - 4*x - 199*x**2. Determine v(-8).
-1
Let t(c) = 2*c - 5. Suppose -2*d + 3*x = -23, 17 = -15*d + 13*d - 5*x. Determine t(d).
3
Let r(j) be the third derivative of -j**4/24 + 2*j**3/3 + 25*j**2. Let n be r(2). Let y(l) = -3*l**3 + 2*l**2 - 3*l + 2. Give y(n).
-20
Let b(w) = 3*w**2 - 2*w - 4. Let r(l) = 16*l**2 - 8*l - 19. Let z(f) = 11*b(f) - 2*r(f). Calculate z(7).
1
Suppose 5*j = 4*j + 9. Let u(x) = 6*x**2 + 0*x**2 + 9*x - 14*x**2 - 5 + 0*x**2 + 7*x**2. Determine u(j).
-5
Suppose u - 23*j + 19*j - 3 = 0, 3*j - 36 = 5*u. Let x(d) = -d**3 - 9*d**2 + 9. Give x(u).
9
Let u(h) = 11*h**2 - 2*h + 1. Suppose -4*v + 5*b - 4*b + 47 = 0, 2*v - 23 = b. Let o be 18/(-15)*(-40)/v. Suppose -2*j = 2*i - o, -1 - 4 = -i - 4*j. Give u(i).
10
Let n(p) = -p + 3*p + 5 + 0*p. Let t be (4/10)/(4/10). Suppose 3*z - t = -16. What is n(z)?
-5
Let q(a) = -25*a - 70. Let s(l) = 9*l + 26. Let k(h) = 4*q(h) + 11*s(h). Let d(t) = 26*t**2 + t. Let z be d(-1). Suppose 4*o = z - 1. Give k(o).
0
Let m(z) be the second derivative of -z**3/6 + 3*z**2 + 969*z. Suppose -3*j - 18 = -0*j. Determine m(j).
12
Let j(m) = 49 - 4*m**2 + 4*m**2 - 47 + m**2 - 4*m. Determine j(7).
23
Let p(z) = -6*z**2 + 35*z - 3. Let s be p(6). Let a(u) = -u**2 - 10*u - 13. Give a(s).
-4
Let b be (2/(-9))/(15/(-270)). Let d(m) be the first derivative of -1/4*m**b - 5/2*m**2 + 2*m**3 - 3 - 5*m. Calculate d(5).
-5
Let i(o) = -o**2 - 2*o + 1. Let n(d) = -10*d + 1 + 9*d + 0. Let z(s) = 2*i(s) - 3*n(s). What is z(-2)?
-7
Let j(s) = -s**2 + 4*s + 3. Let v be 12/(-8) - -1 - (-36)/8. Calculate j(v).
3
Let z(b) = 2*b + 109. Let x(v) = -3*v - 157. Let c(a) = 5*x(a) + 7*z(a). Give c(-11).
-11
Let l(u) = u**2 - 7*u + 14. Suppose p - 3 = 4*p, 3*p = 2*y - 15. Give l(y).
8
Let c(h) be the first derivative of 5*h**2/2 - h - 13. Let i(r) = -r + 16. Let u be i(0). Suppose -3*x = 5*p - 5*x, 2*x - u = -3*p. Give c(p).
9
Let u(t) = -t**3 + t**2. Let g be u(1). Suppose -2*q + 3*n + 31 = 0, q + 0*q - 3*n = 23. Let d(z) = -2 + 2 + q - z. What is d(g)?
8
Let k(s) = s**2 + 8*s + 9. Let y be k(-7). Let z(i) = -3*i + 0*i**y - 11 + i**2 + 7. Let r be 12/14*42/9. Calculate z(r).
0
Let l be 210/(-20)*(-1 + 13). Let r = 134 + l. Let g(a) = -2*a + 12. Determine g(r).
-4
Let j be 12/(-5 + 1) + -11. Let w = 27 + j. Let i = w - 14. Let s(m) = 4*m - 1. Determine s(i).
-5
Let w = -684 - -685. Let r(s) = s**3 - s**2 + 2*s - 1. Determine r(w).
1
Let v(b) = -2*b**2 + b + 1. Suppose -152 = -11*l - 152. Calculate v(l).
1
Let j(g) = g + g + g - 6*g + g. Let s(a) = -a + 6. Let m be s(4). Suppose -3*k + m*k - 3*x + 16 = 0, 4 = 5*k - 4*x. What is j(k)?
-8
Let o(z) be the first derivative of z**4/4 - 10*z**3/3 + 5*z**2 - z + 114. Calculate o(9).
8
Let b(q) be the third derivative of -q**4/24 + 3*q**3/2 - 83*q**2. Determine b(10).
-1
Let t(f) = -f**3 + 7*f**2 + 3*f - 10. Let q = 21 + -17. Let l(k) = k**3 - 3*k**2 - 2*k - 1. Let z be l(q). Determine t(z).
11
Let b(u) =